(base 7) to base 4.
13
What is 1 (base 11) in base 5?
1
5 (base 11) to base 13
5
115 (base 12) to base 4
2201
Convert 3 (base 8) to base 2.
11
Convert 1002 (base 3) to base 8.
35
Convert -3 (base 7) to base 15.
-3
Convert -122 (base 6) to base 15.
-35
What is 3 (base 12) in base 5?
3
What is 131 (base 4) in base 13?
23
201 (base 7) to base 3
10200
-31 (base 11) to base 16
-22
Convert -b (base 13) to base 4.
-23
What is 3 (base 10) in base 13?
3
-8 (base 11) to base 2
-1000
149 (base 12) to base 13
126
-120 (base 3) to base 6
-23
11 (base 3) to base 15
4
-3 (base 7) to base 5
-3
Convert 0 (base 3) to base 4.
0
-101010010 (base 2) to base 13
-200
What is 5a (base 12) in base 8?
106
What is 1 (base 12) in base 8?
1
What is -102 (base 3) in base 6?
-15
Convert -1 (base 6) to base 8.
-1
What is -4 (base 7) in base 4?
-10
8 (base 10) to base 7
11
Convert -17 (base 14) to base 9.
-23
Convert -d (base 14) to base 3.
-111
-10 (base 9) to base 3
-100
22 (base 11) to base 8
30
0 (base 12) to base 9
0
-3 (base 6) to base 11
-3
Convert 424 (base 6) to base 2.
10100000
What is -1c (base 16) in base 4?
-130
7 (base 14) to base 8
7
What is 1132 (base 4) in base 12?
7a
Convert -110 (base 3) to base 2.
-1100
What is 250 (base 6) in base 11?
93
What is 2102 (base 4) in base 12?
102
3 (base 14) to base 12
3
What is 1001101 (base 2) in base 6?
205
What is 0 (base 14) in base 5?
0
-46 (base 7) to base 13
-28
What is 1101 (base 2) in base 11?
12
-218 (base 12) to base 13
-1a9
What is 6 (base 10) in base 16?
6
Convert 53 (base 12) to base 13.
4b
Convert -11010 (base 2) to base 3.
-222
Convert -148 (base 9) to base 7.
-236
Convert -1 (base 13) to base 12.
-1
Convert -1 (base 6) to base 8.
-1
What is -615 (base 8) in base 2?
-110001101
-16 (base 9) to base 2
-1111
What is -1 (base 6) in base 15?
-1
Convert -2c (base 15) to base 8.
-52
-25 (base 11) to base 13
-21
What is 4 (base 5) in base 13?
4
Convert 12 (base 11) to base 8.
15
Convert -1 (base 3) to base 5.
-1
-10 (base 3) to base 9
-3
0 (base 13) to base 14
0
What is 1 (base 11) in base 2?
1
Convert 1 (base 8) to base 7.
1
Convert 110 (base 5) to base 13.
24
What is 3 (base 4) in base 7?
3
Convert -14 (base 10) to base 9.
-15
Convert -14 (base 6) to base 10.
-10
What is 402 (base 5) in base 11?
93
Convert -3 (base 14) to base 10.
-3
1 (base 7) to base 4
1
-24 (base 8) to base 2
-10100
-1 (base 7) to base 6
-1
What is -12 (base 10) in base 3?
-110
What is -8 (base 15) in base 16?
-8
What is -1 (base 13) in base 5?
-1
What is 3 (base 13) in base 12?
3
What is -3 (base 10) in base 7?
-3
What is -22 (base 3) in base 8?
-10
What is 4 (base 10) in base 9?
4
15 (base 13) to base 4
102
Convert -32 (base 12) to base 6.
-102
4 (base 7) to base 8
4
What is 4 (base 5) in base 14?
4
51 (base 6) to base 13
25
-3 (base 5) to base 6
-3
What is 53 (base 8) in base 5?
133
What is -14 (base 16) in base 14?
-16
What is -25 (base 12) in base 10?
-29
What is 152 (base 14) in base 5?
2033
10 (base 5) to base 13
5
What is 2 (base 5) in base 4?
2
Convert 18 (base 11) to base 5.
34
What is -148 (base 14) in base 13?
-170
Convert 28 (base 10) to base 13.
22
What is 202 (base 5) in base 16?
34
-ba (base 13) to base 2
-10011001
Convert a (base 12) to base 3.
101
572 (base 8) to base 5
3003
Convert -4 (base 13) to base 3.
-11
What is 3 (base 13) in base 7?
3
What is 1011 (base 2) in base 11?
10
-13 (base 6) to base 12
-9
What is -43 (base 12) in base 9?
-56
What is 2 (base 7) in base 6?
2
Convert -10011 (base 2) to base 5.
-34
What is 43 (base 11) in base 14?
35
Convert -3 (base 4) to base 2.
-11
Convert -14 (base 5) to base 3.
-100
Convert -112 (base 3) to base 14.
-10
1 (base 9) to base 4
1
-12 (base 7) to base 5
-14
Convert 0 (base 4) to base 3.
0
-20 (base 4) to base 12
-8
What is 18 (base 11) in base 13?
16
-2222 (base 3) to base 4
-1100
What is 10 (base 4) in base 7?
4
122 (base 11) to base 6
401
Convert -1 (base 8) to base 3.
-1
-21 (base 11) to base 7
-32
242 (base 7) to base 4
2000
-20 (base 4) to base 6
-12
What is 4 (base 14) in base 10?
4
-4 (base 5) to base 4
-10
-5 (base 9) to base 11
-5
What is 57 (base 14) in base 2?
1001101
What is 13 (base 4) in base 2?
111
-23 (base 9) to base 2
-10101
What is 194 (base 10) in base 3?
21012
What is -10010010 (base 2) in base 6?
-402
331 (base 6) to base 3
11201
Convert 1000 (base 2) to base 3.
22
1 (base 7) to base 15
1
-3 (base 4) to base 12
-3
What is 4 (base 7) in base 5?
4
-113 (base 4) to base 7
-32
What is -122 (base 6) in base 4?
-302
Convert -11 (base 2) to base 16.
-3
What is 3 (base 8) in base 12?
3
What is -a (base 14) in base 8?
-12
-2 (base 8) to base 13
-2
What is -43 (base 14) in base 3?
-2012
Convert 0 (base 4) to base 7.
0
20 (base 3) to base 8
6
Convert 2 (base 16) to base 10.
2
Convert 12 (base 11) to base 2.
1101
Convert -11123 (base 4) to base 6.
-1335
What is 32 (base 6) in base 5?
40
Convert b (base 16) to base 9.
12
Convert -42 (base 9) to base 6.
-102
Convert 27 (base 9) to base 14.
1b
Convert -40 (base 13) to base 11.
-48
Convert -80 (base 15) to base 9.
-143
15 (base 6) to base 3
102
What is -2 (base 10) in base 16?
-2
Convert -149 (base 10) to base 13.
-b6
What is 3 (base 15) in base 8?
3
Convert -1 (base 13) to base 15.
-1
c (base 13) to base 10
12
What is 175 (base 8) in base 4?
1331
-94 (base 12) to base 6
-304
What is -3a (base 15) in base 7?
-106
-57 (base 12) to base 11
-61
What is 132 (base 6) in base 4?
320
What is 15 (base 15) in base 14?
16
What is -10101 (base 3) in base 14?
-67
Convert -45 (base 13) to base 5.
-212
-1000 (base 2) to base 10
-8
Convert 2001 (base 3) to base 4.
313
Convert 5 (base 9) to base 4.
11
What is 14 (base 5) in base 8?
11
Convert -2 (base 12) to base 14.
-2
111 (base 2) to base 12
7
a9 (base 12) to base 4
2001
1 (base 12) to base 7
1
What is -16 (base 7) in base 9?
-14
Convert 1bc (base 13) to base 8.
504
What is 42 (base 6) in base 11?
24
Convert 1d (base 15) to base 16.
1c
Convert -92 (base 16) to base 10.
-146
4 (base 9) to base 10
4
-12 (base 3) to base 10
-5
-8 (base 9) to base 4
-20
4 (base 5) to base 10
4
1 (base 7) to base 6
1
-1 (base 5) to base 16
-1
What is 32 (base 5) in base 2?
10001
What is 112 (base 4) in base 16?
16
11 (base 4) to base 8
5
Convert 0 (base 13) to base 6.
0
Convert 16 (base 14) to base 11.
19
What is -5 (base 7) in base 14?
-5
What is -69 (base 11) in base 9?
-83
-ac (base 13) to base 12
-ba
Convert -433 (base 5) to base 13.
-91
What is -3 (base 9) in base 11?
-3
Convert -11 (base 4) to base 16.
-5
3 (base 11) to base 5
3
Convert 21020 (base 3) to base 5.
1240
Convert 1c (base 13) to base 7.
34
Convert -1011110 (base 2) to base 4.
-1132
-d (base 14) to base 6
-21
What is 5 (base 16) in base 9?
5
Convert -124 (base 6) to base 7.
-103
What is b (base 13) in base 3?
102
What is 16 (base 16) in base 2?
10110
Convert 0 (base 2) to base 4.
0
Convert -5 (base 12) to base 11.
-5
Convert -6 (base 15) to base 2.
-110
1 (base 5) to base 7
1
11 (base 10) to base 13
b
Convert 7 (base 12) to base 14.
7
-10011100 (base 2) to base 13
-c0
Convert 31 (base 4) to base 9.
14
11 (base 3) to base 16
4
Convert -37 (base 9) to base 7.
-46
Convert -4 (base 12) to base 3.
-11
79 (base 10) to base 14
59
-148 (base 12) to base 5
-1300
0 (base 3) to base 15
0
101 (base 2) to base 11
5
Convert 0 (base 5) to base 8.
0
Convert 12 (base 11) to base 13.
10
What is 0 (base 6) in base 9?
0
What is 2 (base 10) in base 6?
2
Convert d (base 15) to base 8.
15
What is -400 (base 6) in base 13?
-b1
-110010 (base 2) to base 7
-101
What is -12 (base 8) in base 4?
-22
What is -4 (base 5) in base 14?
-4
What is 3 (base 4) in base 5?
3
2 (base 15) to base 9
2
What is -6 (base 14) in base 5?
-11
-181 (base 11) to base 2
-11010010
What is 10 (base 3) in base 12?
3
Convert -35 (base 6) to base 4.
-113
Convert -4 (base 9) to base 3.
-11
What is 36 (base 7) in base 4?
123
-4 (base 11) to base 9
-4
What is -3b (base 14) in base 8?
-65
6 (base 15) to base 6
10
What is -232 (base 5) in base 7?
-124
7 (base 15) to base 9
7
-3 (base 6) to base 16
-3
What is 0 (base 9) in base 10?
0
-150 (base 14) to base 7
-530
Convert 8 (base 11) to base 7.
11
4 (base 6) to base 10
4
-245 (base 8) to base 7
-324
Convert 8 (base 11) to base 12.
8
Convert -58 (base 11